 divide i?
False
Let y(s) = s**3 - 3*s**2 + 1. Let k be y(3). Let q(n) = 41*n + 4. Let o be q(k). Suppose r = o + 29. Is 31 a factor of r?
False
Suppose 3*t = t - 5*b + 90, 4*b = 4*t - 124. Let u be (4 + -3 - 0) + t. Is (u - -1) + (-2)/2 a multiple of 12?
True
Is (5864/32)/((-3)/(-12)) - 5 a multiple of 48?
False
Let o(u) be the third derivative of -13/24*u**4 + 0*u + 2*u**3 - 5*u**2 - 1/60*u**5 + 0. Is 12 a factor of o(-12)?
True
Suppose -7 = 3*k - 6*k + 2*t, 2*k - 4*t = 10. Suppose 0*x + 52 = 4*x. Is k*(x + (-3)/(-3)) a multiple of 11?
False
Suppose 2*h - h + 3 = 0, -2*t + 2 = -2*h. Is (5 - -26)/(t/(-4)) a multiple of 31?
True
Let y(a) = -48*a**3 - 5*a**2 - 7*a - 6. Does 62 divide y(-2)?
True
Let t(l) = 29*l**2 - 9*l + 12. Let g be (-4)/(-22) + 6 + (-92)/22. Does 8 divide t(g)?
False
Let w = 282 - -30. Does 12 divide w?
True
Suppose -44*p - 7415 = -18415. Is 3 a factor of p?
False
Let l(w) = 58*w - 9. Is 7 a factor of l(2)?
False
Suppose -22 = -o + k, 2*o + 0*k - 44 = -3*k. Let n = 20 + -14. Is 3 a factor of o*(2 + n/(-4))?
False
Let t be (-2)/5 - 182/(-5). Does 9 divide 50 + 96/t*(-3)/(-2)?
True
Let p(i) = 34*i**2 + i + 1. Let l be (-3)/(7/2 + -2). Let f be p(l). Suppose 0 = -t + 6*t - f. Does 17 divide t?
False
Let r(x) = -x**3 + 9*x**2 + 3*x + 38. Does 13 divide r(9)?
True
Let a = 47 + -24. Suppose -a = 4*i + 17. Is 18 a factor of (8/i)/((-3)/75)?
False
Let g = 1246 - -870. Is 23 a factor of g?
True
Let q(z) = 17*z**2 + 2*z - 1. Let h be q(1). Let f = 1200 + -1194. Let g = f + h. Is 9 a factor of g?
False
Does 13 divide (-4)/4 + (6 - 1) + 984?
True
Is -1050*(8 - 66/9)*-3 a multiple of 42?
True
Let q be (-516)/(-24) - (-2)/(-4). Suppose 8 - q = -i. Is 5 a factor of i?
False
Suppose 3*x + 84 = a - 50, 3*a - 3*x - 378 = 0. Let g = 88 + a. Is 21 a factor of g?
True
Let u = 1122 + 684. Is 14 a factor of u?
True
Is (-17)/(-51)*(2605 - (1 - 3)) a multiple of 13?
False
Let z = -174 - -117. Let f = 78 + z. Is f a multiple of 3?
True
Let z be 1/(-5) - (-78)/15. Let j(i) = 4*i**2 - 6*i - 6. Does 16 divide j(z)?
True
Let j(c) = 16*c**2 - c + 1. Suppose 0 = 3*h - 2*n - 31, 32 = 4*h - n + 3*n. Let a be 4/3 - (-6)/h. Is j(a) a multiple of 21?
True
Let x = 2658 - 1720. Is x a multiple of 14?
True
Suppose 0 = 3*z + z - 32. Suppose -z*k + 4*k = -144. Does 24 divide k?
False
Suppose 206 = -4*s + 26. Let b = 27 - s. Suppose 0 = -3*v + 3*a + b, 66 = 5*v - 3*a - 60. Is v a multiple of 15?
False
Suppose 1188*x - 1193*x = -6900. Does 69 divide x?
True
Suppose 5*u - 50 - 25 = 0. Let t be 1059/u - 4/(-10). Let z = -33 + t. Does 10 divide z?
False
Let d = 24 - 27. Is (12/d)/((-3)/30) a multiple of 11?
False
Is (-15)/(-6) + 2/(-4) - -378 a multiple of 7?
False
Let t(y) = y**2 + 3*y - 8. Let c be t(-4). Let q(u) = -u**3 - 2*u**2 + 5*u + 4. Does 12 divide q(c)?
False
Suppose 0 = 9*l - 15*l + 18. Suppose 418 = l*i + 94. Does 36 divide i?
True
Suppose -j - 2*b + 277 = 0, -4*b = -7*b - 12. Suppose 2*c = -3*x + 295 + j, x - 185 = c. Is 21 a factor of x?
False
Let a be ((-14)/(-4) - -2)*-6. Let t = 48 + a. Is 8 a factor of t?
False
Let p = 2848 - 1184. Does 32 divide p?
True
Let c(l) = 225*l - 29. Does 22 divide c(3)?
False
Suppose -11*l = -30 - 25. Suppose 94 = l*g - 6. Does 3 divide g?
False
Let j be 3/(-1)*(-8 + 4 - -3). Is 14 a factor of 2535/45 + (-1)/j?
True
Suppose 2*l + 17 = -a + 313, -4*a + 1148 = -l. Does 12 divide a?
True
Let s be (-6)/(-9)*(-3)/1. Does 10 divide ((-20)/(-25))/(s/(-50))?
True
Let q = -11 + 11. Suppose -d + 6*d - 35 = q. Suppose 0 = c - d - 5. Is c a multiple of 6?
True
Suppose 0 = 3*u + l - 413, -5*l + 140 = u - 21. Is u a multiple of 16?
False
Let r = -5 - -7. Let m(a) = 6*a - r - 35*a - 15*a. Is 14 a factor of m(-1)?
True
Suppose 8 = k + 3*k. Is 10 a factor of 154/k - (2 + (-4 - 1))?
True
Does 42 divide ((-24)/16)/(-2*5/6720)?
True
Suppose -3*b = -5*w - 8579, 27*b - 26*b = -3*w + 2869. Is b a multiple of 11?
False
Let o = 3 + -33. Does 5 divide (-15)/o*(-46)/(-1)?
False
Suppose 2431 = 4*g + c, 2*g - 2*c = -3*c + 1215. Does 19 divide g?
True
Let o(d) = d**3 + d**2 + d + 16. Let q = 5 - 5. Suppose q = -6*b + b. Is 3 a factor of o(b)?
False
Let j(c) = -c**2 - 6*c - 9. Let y be j(-7). Let l = y - -25. Is 4 a factor of (-2)/l - (-476)/36?
False
Let s(l) = -2*l - 7 + 0*l - 3 + 0*l. Let c be s(-8). Suppose -2*n = -c, -5*o - 2*n = -4*n - 594. Does 30 divide o?
True
Suppose -124 = -5*v + 2*n, -9*n - 56 = -2*v - 5*n. Does 21 divide v?
False
Suppose -4*o + 5*u = -70, -5*o + 65 = -2*u + 7*u. Suppose -5*l + 5 - o = 2*b, 0 = -3*l - 6. Suppose -2*q + 14 = -b*q. Is q a multiple of 5?
False
Let l(z) = -5*z + 285. Suppose -n - 3*r + 9 = 0, 2*r - r - 3 = -3*n. Is l(n) a multiple of 19?
True
Let y(c) = 6*c**3 - c**2 + 1. Let j be y(1). Suppose -j = d - 2*d. Let s(u) = u**2 - 6*u + 5. Is 5 a factor of s(d)?
True
Let a be (-28)/(-70) + (-168)/(-5). Let b = a + -6. Is 4 a factor of b?
True
Suppose 5*k = 4*s + 29, -5 - 11 = -4*k - 4*s. Suppose 333 = k*c - 397. Does 42 divide c?
False
Suppose 3*v + 173 = -j + 746, 4*v = -5*j + 753. Suppose 0 = -4*s - v - 88. Let o = -42 - s. Is 14 a factor of o?
True
Suppose -2*f - 1 = p, -f - 4*f = p + 10. Suppose 335 = -p*u + 1535. Suppose 6*w - u = 2*w. Is 12 a factor of w?
True
Let o be 382 - -1*6/3. Suppose 3*m + 4*w = 2*w + 273, 4*w = 4*m - o. Is 22 a factor of m?
False
Let b(f) = f**2 - 6*f - 8. Suppose 0 = 2*y - 3*c + 3, -y = y + c + 15. Let h be 20/y*36/(-15). Is 3 a factor of b(h)?
False
Suppose -95*g + 3200 = -85*g. Is g a multiple of 10?
True
Suppose -2*k + 220 = 5*q, k = 4*k + q - 304. Is 20 a factor of k?
True
Let g(c) = -204*c. Is g(-2) a multiple of 8?
True
Let w = 39 + -96. Let c = -18 - w. Is c a multiple of 5?
False
Suppose -3*y - 160 = y. Suppose 0 = -9*p + 338 - 365. Does 19 divide p*(-3 + y/12)?
True
Let o(p) = 3*p**2 - 13*p + 28. Is o(7) a multiple of 28?
True
Let h = -10 + 10. Let r = h + -12. Does 34 divide 2/(-3) - 1232/r?
True
Let v(k) = 3*k**2 + 23*k + 19. Does 16 divide v(-11)?
False
Let b(r) = -r**3 + r**2 - r - 2. Let h be b(-2). Suppose 2*t - h + 2 = 0. Let m(z) = 9*z - 10. Does 4 divide m(t)?
False
Suppose -19*v + 18644 = 60*v. Is 64 a factor of v?
False
Let k be 3/(18/22) - (-4)/(-6). Suppose -k*n + 38 = -43. Does 6 divide n?
False
Let h(j) = 55*j - 19. Let i be h(5). Suppose f + f + 3*d - i = 0, -3*f - d = -398. Is 25 a factor of f?
False
Let m(t) = t**2 + 9*t + 25. Let n be m(-10). Does 22 divide 21/7*n/3?
False
Suppose 1440 = 34*k + 26*k. Does 6 divide k?
True
Suppose 2*f + p + 1 = -3, f = p + 4. Let w(t) = t + 5. Let l be w(-8). Does 21 divide (-13 + (f - 1))*l?
True
Suppose l = -o + 277, 5*l + 176 = -3*o + 1571. Is l a multiple of 41?
False
Let k be (5/5)/((-1)/(-114)). Suppose 107 = 3*i - 5*z - 24, -k = -2*i - 2*z. Is 22 a factor of (-1 - i/16)*-12?
False
Let c = -3079 + 4699. Does 15 divide c?
True
Suppose 8*h - 348 = 4*h. Let v = h - 11. Is v a multiple of 11?
False
Suppose 0 = -0*c + 4*c + 4. Let d be (4 + 0 - c) + -3. Suppose d*g = 5*m - 447, 0*m - m + 84 = 5*g. Is m a multiple of 12?
False
Suppose -3*l - 64 = -4*l. Suppose 0 = -43*v + 756 + 61. Suppose -3*x - v = -l. Does 15 divide x?
True
Let t = -232 - -335. Let f = t - -13. Is 7 a factor of f?
False
Let d = -1702 - -2092. Is 78 a factor of d?
True
Is -1 + 682 - (9 - 11) a multiple of 7?
False
Let a = 117 + -18. Suppose -5*d + a = -2*d. Is d a multiple of 14?
False
Let v(h) = 65*h + 5. Let y be v(2). Suppose 0 = -2*d + 5*c + y, c = 2 - 3. Does 17 divide d?
False
Let a be (4/3)/(62/93). Suppose 13*l - a*l - 2860 = 0. Is 26 a factor of l?
True
Let p(x) = x**2 - 5*x - 15. Is p(9) even?
False
Does 16 divide (34 - -3)*(20 + 6)?
False
Let g(h) be the third derivative of -13*h**4/6 + 2*h**3/3 - 33*h**2. Is g(-3) a multiple of 8?
True
Suppose 3*y + 14 = y. Let d(h) be the second derivative of -h**3/6 - h**2/2 + 158*h. Is 5 a factor of d(y)?
False
Let a(m) = 6*m - 17. Let s be a(8). Let r = s + 14. Does 9 divide r?
True
Let h = -16 - -16. Suppose 3*i + 2*r - 71 = -3*r, h = -2*r + 2. Is 5 a factor of i?
False
Suppose 7*j - 9*j + 4 = 0, -3*w = -2*j - 134. Is w a multiple of 46?
True
Suppose -2*z = 3*l - 20, -5*z - 18 + 5 = -3*l. Let x(q) = 5 - 3 + 5*q + 6 + 4*q. Is 31 a factor of x(l)?
True
Suppose -3*k = -3*j - 9, 0 = -5*k - 4*j + 6. Let f(t) 